4*k. Let p be t(k). Let r = -32 + p. Calculate the greatest common divisor of 5 and r.
5
Suppose 53*q - 50*q - 90516 = -4*m, 5*q - 45258 = -2*m. Calculate the highest common factor of 57 and m.
57
Suppose 3*t + 6 = 6*t. Let s = -156868 + 156870. What is the greatest common divisor of t and s?
2
Suppose v + 5 - 30 = 0. Let k(u) = u**2 - 49*u - 2797. Let l be k(83). Calculate the greatest common factor of l and v.
25
Suppose 2*m + 14*l + 35 = -11, -5*m - 3*l = -173. Let p = 400 + -220. What is the highest common divisor of m and p?
20
Suppose 2*g - 159 = -j - 10, 2*j = -3*g + 225. Let o = -71 + g. Let h be (16/10)/((-537)/270 + o). Calculate the greatest common factor of 16 and h.
16
Suppose -150*y = -158*y + 3744. Let w(l) = -l**3 - 22*l**2 + 21*l - 10. Let i be w(-23). What is the highest common factor of i and y?
36
Let g = 2 + 16. Let u(z) be the second derivative of -3*z**3/2 - 18*z**2 - 14*z - 2. Let v be u(-10). Calculate the greatest common divisor of g and v.
18
Suppose 508 = 2*u - 82*y + 84*y, 0 = -u + 5*y + 284. What is the greatest common factor of u and 37?
37
Suppose -19*b = -15*b - 28. Let v be 12/b + (20/(-7))/(-10). Suppose -v*s + 9 + 9 = 0. Calculate the greatest common divisor of 9 and s.
9
Let u = 340 + -336. Let h(s) = -s**2 + 12*s + 3. Let z be h(11). What is the greatest common divisor of z and u?
2
Let v(g) be the third derivative of -g**6/120 + 11*g**5/60 + 7*g**4/12 - 3*g**3 + 188*g**2. Let x be v(12). Calculate the highest common factor of x and 402.
6
Let t(w) = -w**2 + 56*w - 130. Let v be t(46). Calculate the greatest common factor of v and 150.
30
Let o(j) = 72*j + 2829. Let c be o(-29). What is the highest common factor of 114 and c?
57
Let a = -1613 + 1669. Calculate the highest common divisor of 252 and a.
28
Let f = -30 - -45. Let n(v) = -v + 1 + 0 + 0. Let m be n(-2). What is the highest common divisor of m and f?
3
Suppose -5*r = -2*z + 168, -5*r = 8*z - 372 - 150. Calculate the greatest common factor of z and 736.
23
Suppose -19 = -4*s - w, -s + 4*w - 16 = -5*s. Suppose s*v = -2*i + 83, 5*i + 2 = -3. Let z be 506/5 + (-28)/(-35). What is the highest common factor of z and v?
17
Let f(y) = y**2 - 72*y - 885. Let t be f(-15). What is the greatest common divisor of t and 1005?
15
Let b = -443 + 402. Let s be ((-45)/20)/(9/24)*b. What is the greatest common factor of s and 164?
82
Let v(b) = b**2 - 2*b + 5. Let s be v(2). Suppose -s*i - 44 = -m, 5*m - 3*i = m + 176. Calculate the highest common factor of m and 110.
22
Let k(h) = -3*h + 9. Let i be k(-7). Let v be 1140 + -1079 + (0 - 1)*-9. What is the greatest common divisor of i and v?
10
Suppose -2*y - 2*j - 237 = j, -630 = 5*y - 5*j. Let i = 148 + y. Calculate the highest common factor of 5 and i.
5
Let k(y) be the second derivative of 67*y**3/6 + 19*y**2/2 - 4*y + 36. Let s be k(3). Calculate the highest common divisor of 88 and s.
44
Let w(y) = y + 22. Let k be w(-6). Suppose 2421 = k*o + 21. Calculate the highest common factor of 375 and o.
75
Let l be -46*5/(-10)*(114/1)/3. Calculate the highest common divisor of 152 and l.
38
Let t(g) = g**3 + 13*g**2 + 14*g - 40. Let l be t(-11). Suppose -4*p = -2*i + 3*i - 80, 3*i - 4*p - 240 = 0. What is the highest common divisor of l and i?
16
Let j = -671 - -1306. Calculate the highest common factor of j and 2921.
127
Suppose -p = -9 + 145. Let n be ((-15)/(-4) + -3)/((-2)/p). Suppose -5*v - 17 = -6*v. Calculate the greatest common divisor of v and n.
17
Let c be 3/(-12) + (-284)/16. Let g be (18/27)/(4/c). Let a be 355/20 - (g/(-12))/(-1). Calculate the greatest common factor of 2 and a.
2
Suppose l = 4*p - 784 - 157263, 0 = 3*l - 27. What is the greatest common divisor of 46 and p?
46
Let n(x) be the third derivative of x**6/120 + 17*x**5/60 - 65*x**4/24 - 23*x**3/3 + 52*x**2. Let v be n(-20). What is the greatest common divisor of v and 27?
27
Let r(x) = x**3 + 9*x**2 + 8*x - 14. Let w be r(-7). Suppose 0 = -4*i - 51 - 25. Let c = i + w. What is the highest common factor of c and 63?
9
Let y be (0 + -19)/((368/(-128))/23). Calculate the greatest common factor of 22648 and y.
152
Suppose 3*c = 4*h + 269, -2*h + 182 = 3*c - 57. Let f = 523598 + -522851. What is the highest common divisor of c and f?
83
Suppose 36*x - 674 = -4*l + 31*x, 5*l - x - 857 = 0. Calculate the highest common factor of 6612 and l.
57
Suppose -4*x = -3*j - 2919, -j + 753 + 704 = 2*x. Calculate the highest common factor of 108 and x.
27
Suppose -118*x - 39 = -131*x. Let g be (1148/(-246))/((-2)/x). What is the greatest common factor of g and 35?
7
Let k be (33252/(-27))/(-4) + (-74)/(-666). Calculate the highest common factor of k and 2716.
28
Suppose -z + 9 = -4*z, 0 = -3*g - 3*z + 69. Suppose -g*l - 200 + 1344 = 0. What is the highest common divisor of l and 77?
11
Let p(f) = 162*f - 49. Let v be p(-6). Let s = -715 - v. Calculate the greatest common divisor of 136 and s.
34
Suppose u = 3*u. Suppose -5*h + c + 8 = 0, -2*c - 2 = 184*h - 180*h. Let s be u/(-8) + 3/h. What is the greatest common divisor of s and 9?
3
Let j = 727 - 720. Let v(d) = 6*d**2 + 3*d + 25. Let o be v(j). What is the greatest common factor of 20 and o?
20
Let i(f) = 114*f**2 + 13*f - 30. Let n be i(2). Calculate the highest common factor of 6 and n.
2
Let y be 21/(-6) + 595/10. What is the greatest common divisor of y and 2114?
14
Let b = 715 + -760. Let y be b/(-9) + -8 + 478. What is the greatest common factor of y and 38?
19
Let y(u) = -u**2 - 5*u + 6. Let c be y(-5). Let x(d) = 2*d**2 - 53*d - 240. Let a be x(-4). Calculate the highest common factor of a and c.
2
Let u = -3 - -6. Let c be 8 + 294/21 + 53. What is the greatest common factor of u and c?
3
Suppose 8*a - 7*a + 3*d = 119, -2*a + d = -196. Calculate the greatest common divisor of a and 2.
1
Let f = -539 - -1289. Let l be (f/(-9))/(5/(-15)). What is the greatest common divisor of 100 and l?
50
Let k = 0 - -6. Suppose c = k*c - 980. Suppose 32*p + 98 = 34*p. Calculate the greatest common factor of p and c.
49
Let l(c) = 83*c**3 + 2*c**2 - 4*c + 3. Let a(w) = w**3 - 7*w**2 + 1. Let b be a(7). Let n be l(b). What is the greatest common factor of n and 210?
42
Let c = 2423 + -1598. Calculate the greatest common factor of 425 and c.
25
Let d = -37 - -59. Let f be 2/(-15) + 16464/630. Suppose 84 = f*l - d*l. What is the highest common divisor of l and 35?
7
Suppose 0 = 2*v - n - 320, -5*v + 822 = -3*n + 6*n. Let p be -88 - 8/(-2 + -2). Let f = p - -104. What is the greatest common factor of v and f?
18
Let f(k) = -2*k**2 - 16*k + 9. Let r be f(-6). Calculate the highest common factor of 213 and r.
3
Suppose -3*y + 15*q = 19*q + 1183, 3*y + 5*q + 1181 = 0. Let o = 557 + y. What is the highest common divisor of o and 20?
20
Let r = 166 + 222. Let y = r + -374. What is the greatest common divisor of y and 175?
7
Let d(j) = -j**3 + 11*j**2 - 14*j - 12. Let l be d(9). Suppose 0 = -l*f + 18*f + 810. What is the greatest common divisor of f and 18?
9
Suppose 3*h - 2*d - 9 = 7, -1 = -d. Let l be ((-3)/h)/(3620/904 + -4). Let g = 133 + l. What is the highest common factor of g and 10?
10
Suppose 5*i + 54 + 917 = 4*l, 0 = 3*l + 2*i - 757. What is the greatest common factor of 25647 and l?
249
Suppose -130*i + 4448 - 1760 = -5372. Calculate the highest common factor of 22 and i.
2
Suppose -w + 3*k + 2639 = 0, 0 = 44*w - 49*w - k + 13259. Calculate the highest common divisor of 11 and w.
11
Let a be (-2)/7 + 138/42. Let i be (-585)/(-12) - 9/12. Suppose -71*z = -69*z - i. What is the greatest common divisor of a and z?
3
Let l = -55 + 84. Suppose -w = 5*i + 29, -27*w - 23 = -32*w + 3*i. What is the highest common factor of l and w?
1
Let j = 5 + 1. Let c be 34/j + (-2)/3. Let z be 12 + (-6 - -18) + 16/(-4). What is the highest common divisor of z and c?
5
Suppose 0 = 23*c - 202 + 133. Let q = 64 - 25. What is the greatest common factor of q and c?
3
Suppose -4*q - 26 = -0*v - v, -2*q = 4*v - 14. Let x be (6/(-4))/(v/(-304)). Suppose -4*t - 2029 = -2105. What is the highest common factor of x and t?
19
Let y(p) = 67*p**3 - 3*p**2 + 20*p + 22. Let j be y(4). What is the greatest common factor of j and 78?
26
Let v = 28 - 38. Let r be (-546)/10 + 4/v. Let i = 59 + r. What is the greatest common factor of 32 and i?
4
Let 